{"id":83,"date":"2025-08-05T14:59:44","date_gmt":"2025-08-05T12:59:44","guid":{"rendered":"https:\/\/taxifuererding.de\/?page_id=83"},"modified":"2026-02-20T08:48:32","modified_gmt":"2026-02-20T07:48:32","slug":"impressum","status":"publish","type":"page","link":"https:\/\/taxifuererding.de\/?page_id=83","title":{"rendered":"Impressum"},"content":{"rendered":"\n<h3 class=\"wp-block-heading has-text-align-center\"><strong>Impressum<\/strong><\/h3>\n\n\n\n<p class=\"has-text-align-center\"><strong>Angaben gem\u00e4\u00df \u00a7 5 TMG<\/strong><\/p>\n\n\n\n<p class=\"has-text-align-center\"><strong>Taxi f\u00fcr Erding<\/strong><br>Inhaber: Ersan S\u00fcr\u00fcc\u00fc<br>Nagelschmiedgasse 1<br>85435 Erding<\/p>\n\n\n\n<p class=\"has-text-align-center\"><strong>Kontakt:<\/strong><br>Telefon: 08122 4904229<br>Mobil: 0176 21985491<br>E-Mail: <a>info@taxifuererding.de<\/a><br>Website: <a class=\"\" href=\"https:\/\/taxifuererding.de\">https:\/\/taxifuererding.de<\/a><\/p>\n\n\n\n<h3 class=\"wp-block-heading has-text-align-center\"><strong>Verantwortlich f\u00fcr den Inhalt nach \u00a7 55 Abs. 2 RStV<\/strong><\/h3>\n\n\n\n<p class=\"has-text-align-center\">Ersan S\u00fcr\u00fcc\u00fc<br>Nagelschmiedgasse 1<br>85435 Erding<\/p>\n\n\n\n<h3 class=\"wp-block-heading has-text-align-center\"><strong>Umsatzsteuer-ID gem\u00e4\u00df \u00a7 27 a Umsatzsteuergesetz<\/strong><\/h3>\n\n\n\n<p class=\"has-text-align-center\">Umsatzsteuer-Identifikationsnummer:<\/p>\n\n\n\n<p class=\"has-text-align-center\">114\/279\/70231<\/p>\n\n\n\n<h3 class=\"wp-block-heading has-text-align-center\"><strong>Aufsichtsbeh\u00f6rde<\/strong><\/h3>\n\n\n\n<p class=\"has-text-align-center\">Landratsamt Erding \u2013 Verkehrsamt<br>Alois-Schie\u00dfl-Platz 2<br>85435 Erding<\/p>\n\n\n\n<p><\/p>\n\n\n\n<p><\/p>\n","protected":false},"excerpt":{"rendered":"<p>Impressum Angaben gem\u00e4\u00df \u00a7 5 TMG Taxi f\u00fcr ErdingInhaber: Ersan S\u00fcr\u00fcc\u00fcNagelschmiedgasse 185435 Erding Kontakt:Telefon: 08122 [&hellip;]<\/p>\n","protected":false},"author":1,"featured_media":0,"parent":0,"menu_order":0,"comment_status":"closed","ping_status":"closed","template":"","meta":{"footnotes":""},"class_list":["post-83","page","type-page","status-publish","hentry"],"_links":{"self":[{"href":"https:\/\/taxifuererding.de\/index.php?rest_route=\/wp\/v2\/pages\/83","targetHints":{"allow":["GET"]}}],"collection":[{"href":"https:\/\/taxifuererding.de\/index.php?rest_route=\/wp\/v2\/pages"}],"about":[{"href":"https:\/\/taxifuererding.de\/index.php?rest_route=\/wp\/v2\/types\/page"}],"author":[{"embeddable":true,"href":"https:\/\/taxifuererding.de\/index.php?rest_route=\/wp\/v2\/users\/1"}],"replies":[{"embeddable":true,"href":"https:\/\/taxifuererding.de\/index.php?rest_route=%2Fwp%2Fv2%2Fcomments&post=83"}],"version-history":[{"count":4,"href":"https:\/\/taxifuererding.de\/index.php?rest_route=\/wp\/v2\/pages\/83\/revisions"}],"predecessor-version":[{"id":378,"href":"https:\/\/taxifuererding.de\/index.php?rest_route=\/wp\/v2\/pages\/83\/revisions\/378"}],"wp:attachment":[{"href":"https:\/\/taxifuererding.de\/index.php?rest_route=%2Fwp%2Fv2%2Fmedia&parent=83"}],"curies":[{"name":"wp","href":"https:\/\/api.w.org\/{rel}","templated":true}]}}